{"id":2,"date":"2007-06-17T22:29:34","date_gmt":"2007-06-17T20:29:34","guid":{"rendered":""},"modified":"2011-06-21T11:42:44","modified_gmt":"2011-06-21T09:42:44","slug":"a-propos","status":"publish","type":"page","link":"https:\/\/www.levergerdemesecrits.eu\/Poemier\/a-propos\/","title":{"rendered":"Pr\u00e9face"},"content":{"rendered":"<p>Bienvenue dans dans mon \u00ab\u00a0Poemier\u00a0\u00bb !<\/p>\n<p>Comme certains cultivent les l\u00e9gumes dans leur potager, moi je cultive mes textes dans ce petit \u00ab\u00a0Poemier\u00a0\u00bb.<br \/>\nRien de bien difficile o\u00f9 l&rsquo;\u00e9criture de textes n&rsquo;est pour moi qu&rsquo;une mani\u00e8re de distiller \u00e0 ceux que j&rsquo;aime , \u00e0 ceux que j&rsquo;ai perdus et puis pour l&rsquo;amour de l&rsquo;\u00e9criture, sans cible particuli\u00e8re, quelques mots tendres.<br \/>\nCertains les appellent des po\u00e8mes, des textes po\u00e9tiques ou que sais-je encore. Pour moi ce sont mes Pommes.<br \/>\nAvec ou sans vers, tant\u00f4t sucr\u00e9es, tant\u00f4t acidul\u00e9es, mais toujours saines et elles constitueront je l&rsquo;esp\u00e8re une dessert de choix pour les gourmands litt\u00e9raires.<\/p>\n<p><img decoding=\"async\" src=\"http:\/\/www.levergerdemesecrits.eu\/Poemier\/wp-content\/uploads\/2007\/06\/20070620-pommedamour.jpg\" alt=\"20070620-pommedamour.jpg\" \/>Les Pommes d&rsquo;Amour sont plut\u00f4t tendres et romantiques;<br \/>\n<br \/>\nLes Pommes d&rsquo;Api sont destin\u00e9es aux enfants;<br \/>\n<br \/>\n<img decoding=\"async\" src=\"http:\/\/www.levergerdemesecrits.eu\/Poemier\/wp-content\/uploads\/2008\/04\/etude_doc_pomme_couteau.thumbnail.jpg\" alt=\"etude_doc_pomme_couteau.jpg\" \/> Les Pommes Clochards sont plut\u00f4t \u00e0 couteaux tir\u00e9s&#8230; Et expriment toute ma tristesse;<br \/>\n<br \/>\n<img decoding=\"async\" src=\"http:\/\/www.levergerdemesecrits.eu\/Poemier\/wp-content\/uploads\/2008\/04\/patate_sexy_1.thumbnail.jpg\" alt=\"patate_sexy_1.jpg\" \/> Les Pommes Frit sont pleines d&rsquo;humour<br \/>\n<br \/>\nLes Pommes Poires c&rsquo;est de tout et de rien, de la compote en somme;<br \/>\n<br \/>\nLes Pommes d&rsquo;Adam rendent homage \u00e0 mes anges partis au Paradis;<br \/>\n<br \/>\n<img decoding=\"async\" src=\"http:\/\/www.levergerdemesecrits.eu\/Poemier\/wp-content\/uploads\/2008\/04\/pommes-libertines003b.thumbnail.jpg\" alt=\"pommes-libertines003b.jpg\" \/>Les Pommes au four sont plut\u00f4t chaudes \ud83d\ude09 .<\/p>\n<p>Pour profiter de tous le design du site, vous pouvez t\u00e9l\u00e9charger le font \u00ab\u00a0Monotype Corsiva\u00a0\u00bb  d&rsquo;origine utilis\u00e9 ici \u00e0 l&rsquo;adresse suivante : <a title=\"Monotype Corsiva\" href=\"http:\/\/www.newfonts.net\/index.php?pa=show_font&amp;id=130\" target=\"_blank\">http:\/\/www.newfonts.net\/index.php?pa=show_font&amp;id=130<br \/>\n<\/a>Une fois t\u00e9l\u00e9charger, d\u00e9zippez le fichier, et copier le mcorsiva.ttf dans c:\\windows\\Fonts. Voil\u00e0, c&rsquo;est installer.<\/p>\n<p>Que votre lecture soit belle.<\/p>\n<p>Didier.<\/p>\n","protected":false},"excerpt":{"rendered":"<p>Bienvenue dans dans mon \u00ab\u00a0Poemier\u00a0\u00bb ! Comme certains cultivent les l\u00e9gumes dans leur potager, moi je cultive mes textes dans ce petit \u00ab\u00a0Poemier\u00a0\u00bb. Rien de bien difficile o\u00f9 l&rsquo;\u00e9criture de textes n&rsquo;est pour moi qu&rsquo;une mani\u00e8re de distiller \u00e0 ceux &hellip; <a href=\"https:\/\/www.levergerdemesecrits.eu\/Poemier\/a-propos\/\">Continuer la lecture <span class=\"meta-nav\">&rarr;<\/span><\/a><\/p>\n","protected":false},"author":1,"featured_media":0,"parent":0,"menu_order":0,"comment_status":"open","ping_status":"open","template":"","meta":{"footnotes":""},"class_list":["post-2","page","type-page","status-publish","hentry"],"_links":{"self":[{"href":"https:\/\/www.levergerdemesecrits.eu\/Poemier\/wp-json\/wp\/v2\/pages\/2","targetHints":{"allow":["GET"]}}],"collection":[{"href":"https:\/\/www.levergerdemesecrits.eu\/Poemier\/wp-json\/wp\/v2\/pages"}],"about":[{"href":"https:\/\/www.levergerdemesecrits.eu\/Poemier\/wp-json\/wp\/v2\/types\/page"}],"author":[{"embeddable":true,"href":"https:\/\/www.levergerdemesecrits.eu\/Poemier\/wp-json\/wp\/v2\/users\/1"}],"replies":[{"embeddable":true,"href":"https:\/\/www.levergerdemesecrits.eu\/Poemier\/wp-json\/wp\/v2\/comments?post=2"}],"version-history":[{"count":7,"href":"https:\/\/www.levergerdemesecrits.eu\/Poemier\/wp-json\/wp\/v2\/pages\/2\/revisions"}],"predecessor-version":[{"id":98,"href":"https:\/\/www.levergerdemesecrits.eu\/Poemier\/wp-json\/wp\/v2\/pages\/2\/revisions\/98"}],"wp:attachment":[{"href":"https:\/\/www.levergerdemesecrits.eu\/Poemier\/wp-json\/wp\/v2\/media?parent=2"}],"curies":[{"name":"wp","href":"https:\/\/api.w.org\/{rel}","templated":true}]}}